mmon factor of 75 and 19024575?
75
Calculate the highest common factor of 57 and 11226.
3
Calculate the greatest common divisor of 2 and 3064883.
1
What is the greatest common divisor of 670 and 124120?
10
What is the greatest common factor of 518 and 41503378?
14
What is the highest common factor of 3142335 and 60?
15
What is the greatest common factor of 1442 and 3637342?
206
What is the greatest common factor of 24 and 32626704?
24
What is the highest common factor of 110 and 1929780?
10
Calculate the highest common divisor of 19465728 and 12.
12
Calculate the greatest common factor of 360 and 237963240.
360
Calculate the greatest common divisor of 32067392 and 8928.
992
What is the greatest common factor of 2193 and 8113998?
51
Calculate the greatest common factor of 3236402 and 1430.
26
What is the greatest common factor of 174 and 551875278?
174
What is the highest common factor of 397885137 and 2641?
2641
Calculate the highest common factor of 957 and 7486263.
87
What is the greatest common factor of 399477068 and 692?
692
Calculate the greatest common factor of 7844 and 20200261.
1961
What is the greatest common divisor of 11254 and 85398?
662
Calculate the highest common factor of 924 and 182076.
12
What is the highest common factor of 99 and 31894654?
11
What is the greatest common divisor of 2010644 and 1381396?
4916
Calculate the greatest common divisor of 42850 and 10676506.
1714
What is the highest common divisor of 40832 and 2441104?
464
What is the greatest common factor of 614557 and 182499?
479
Calculate the highest common factor of 1452988 and 14031.
1559
What is the greatest common divisor of 16036749 and 153?
9
Calculate the highest common factor of 110 and 4085994.
22
Calculate the highest common divisor of 83236665 and 30.
15
What is the greatest common divisor of 30937440 and 500?
20
Calculate the greatest common factor of 1056 and 602457504.
1056
What is the highest common factor of 22401 and 8539497?
1179
What is the greatest common divisor of 1405788 and 62?
62
What is the greatest common factor of 1708 and 427452620?
1708
Calculate the highest common factor of 242 and 1724855.
121
What is the highest common factor of 752958 and 7198?
118
Calculate the highest common factor of 33537 and 8181431.
1597
What is the highest common divisor of 108360 and 42064680?
840
What is the highest common divisor of 437696 and 201208?
56
What is the greatest common divisor of 8 and 206934672?
8
Calculate the greatest common divisor of 45501511 and 7645.
1529
What is the highest common divisor of 161 and 86016?
7
What is the highest common divisor of 13986 and 368873757?
6993
Calculate the greatest common factor of 2262 and 39907374.
78
What is the greatest common divisor of 10 and 79918858?
2
What is the highest common factor of 34567 and 97877?
13
Calculate the highest common factor of 24 and 80443224.
24
What is the highest common divisor of 18429660 and 1080?
540
Calculate the highest common divisor of 10760 and 213534352.
2152
Calculate the greatest common factor of 686980 and 30940.
140
Calculate the greatest common divisor of 172840 and 6155540.
580
Calculate the greatest common divisor of 293336 and 1728.
8
Calculate the greatest common factor of 84 and 271733616.
84
Calculate the greatest common divisor of 53204 and 72836.
4
What is the highest common factor of 2475648 and 8000?
64
Calculate the highest common divisor of 1650 and 710270.
110
Calculate the highest common factor of 1245220623 and 26478.
13239
What is the greatest common divisor of 2 and 2575854?
2
Calculate the highest common factor of 44 and 28127286.
22
What is the highest common factor of 41570753 and 1407?
469
What is the highest common factor of 1920 and 90240?
1920
Calculate the greatest common divisor of 2349696 and 1055.
211
Calculate the highest common factor of 528900 and 50430.
1230
Calculate the greatest common factor of 99860 and 16560.
20
What is the highest common divisor of 12 and 34492278?
6
Calculate the greatest common divisor of 3080 and 1421035.
385
Calculate the greatest common divisor of 100905 and 57120.
105
Calculate the highest common divisor of 45 and 81651715.
5
What is the greatest common divisor of 921144 and 480?
24
Calculate the greatest common divisor of 1360 and 3058496.
16
What is the greatest common factor of 29716 and 7654607?
391
What is the highest common divisor of 448928 and 736?
32
What is the highest common factor of 1704908 and 3667?
19
What is the highest common factor of 363 and 48476472?
363
Calculate the greatest common divisor of 45173 and 4767.
227
Calculate the highest common divisor of 45 and 1631196.
9
Calculate the greatest common factor of 91152282 and 104.
26
Calculate the greatest common factor of 192 and 2333172.
12
Calculate the highest common divisor of 60948 and 10844.
4
Calculate the highest common divisor of 325 and 2092200.
25
What is the greatest common divisor of 330621 and 344469?
1731
Calculate the highest common factor of 934922 and 2860707.
643
Calculate the highest common factor of 32731 and 639781.
71
What is the greatest common divisor of 121824 and 84726?
162
Calculate the greatest common factor of 645 and 15824000.
215
Calculate the highest common factor of 16700 and 2354450.
50
Calculate the highest common factor of 92 and 444844.
4
Calculate the highest common divisor of 19955 and 26113420.
1535
Calculate the greatest common divisor of 6298974 and 1386.
198
Calculate the greatest common divisor of 5307535 and 9485.
1355
What is the greatest common divisor of 675580 and 3060?
340
What is the highest common factor of 18558 and 1157112?
18
Calculate the highest common divisor of 80970652 and 148.
148
Calculate the greatest common factor of 133 and 181061830.
19
What is the greatest common factor of 348348 and 4212?
156
What is the highest common factor of 54502 and 23015874?
3206
What is the greatest common factor of 217805 and 4542155?
635
What is the highest common divisor of 370709 and 6714182?
2071
Calculate the greatest common divisor of 10935 and 99120.
15
Calculate the greatest common factor of 13584 and 141889408.
4528
Calculate the greatest common factor of 35170 and 30410.
10
Calculate the highest common factor of 22001 and 42106771.
3143
Calculate the greatest common divisor of 4432581226 and 122.
122
Calculate the highest common divisor of 4575 and 13362294.
183
What is the greatest common factor of 2730406 and 812?
14
Calculate the greatest common divisor of 15165708 and 60828.
444
Calculate the highest common factor of 2739592 and 8.
8
What is the greatest common factor of 3453222 and 1096?
274
Calculate the greatest common divisor of 1072287 and 26102.
421
What is the highest common divisor of 404647 and 271324?
2339
What is the greatest common divisor of 172 and 871964836?
172
What is the highest common divisor of 61100 and 59540?
260
What is the greatest common divisor of 121195 and 17?
1
Calculate the greatest common factor of 31082742 and 4572.
2286
What is the highest common factor of 46781 and 228050692?
6683
What is the greatest common divisor of 23119873 and 841?
29
What is the greatest common factor of 34282017 and 3885?
777
Calculate the highest common divisor of 6617803 and 11.
1
Calculate the greatest common factor of 5520424127 and 3797.
3797
Calculate the greatest common factor of 2200 and 984280.
440
Calculate the highest common factor of 226317410 and 440.
110
Calculate the highest common divisor of 272819469 and 237.
237
What is the greatest common divisor of 42 and 12185250?
42
Calculate the highest common factor of 11580 and 183708.
12
What is the highest common factor of 2053391 and 74124?
71
Calculate the highest common factor of 82244008 and 308.
308
Calculate the greatest common divisor of 1278030123 and 2943.
2943
What is the highest common divisor of 112616 and 18398639?
14077
Calculate the highest common factor of 120 and 47297220.
60
Calculate the greatest common divisor of 33965320 and 35820.
3980
What is the highest common factor of 13895300 and 7924?
1132
What is the highest common divisor of 17944636 and 1021436?
6044
Calculate the greatest common divisor of 17889 and 896259.
201
What is the greatest common factor of 26089765 and 155?
5
W